{"id":16145,"date":"2025-03-03T08:20:05","date_gmt":"2025-03-03T08:20:05","guid":{"rendered":"https:\/\/3kcelik.com.tr\/?page_id=16145"},"modified":"2025-03-20T07:36:40","modified_gmt":"2025-03-20T07:36:40","slug":"makina-parkuru","status":"publish","type":"page","link":"https:\/\/3kcelik.com.tr\/index.php\/makina-parkuru\/","title":{"rendered":"Makina Parkuru"},"content":{"rendered":"\t\t<div data-elementor-type=\"wp-page\" data-elementor-id=\"16145\" class=\"elementor elementor-16145\">\n\t\t\t\t\t\t<section class=\"wd-negative-gap elementor-section elementor-top-section elementor-element elementor-element-36f92a9e wd-section-stretch elementor-section-boxed elementor-section-height-default elementor-section-height-default\" data-id=\"36f92a9e\" data-element_type=\"section\" data-e-type=\"section\">\n\t\t\t\t\t\t<div class=\"elementor-container elementor-column-gap-extended\">\n\t\t\t\t\t<div class=\"elementor-column elementor-col-33 elementor-top-column elementor-element elementor-element-5757b389\" data-id=\"5757b389\" data-element_type=\"column\" data-e-type=\"column\">\n\t\t\t<div class=\"elementor-widget-wrap elementor-element-populated\">\n\t\t\t\t\t\t<div class=\"elementor-element elementor-element-5b088453 elementor-widget elementor-widget-wd_banner\" data-id=\"5b088453\" data-element_type=\"widget\" data-e-type=\"widget\" data-widget_type=\"wd_banner.default\">\n\t\t\t\t<div class=\"elementor-widget-container\">\n\t\t\t\t\t\t\t<div class=\"promo-banner-wrapper\">\n\t\t\t<div class=\"promo-banner banner-default banner-hover-parallax color-scheme-dark banner-btn-size-small banner-btn-style-link wd-with-link\">\n\t\t\t\t<div class=\"main-wrapp-img\">\n\t\t\t\t\t<div class=\"banner-image wd-without-height\">\n\t\t\t\t\t\t\t\t\t\t\t\t\t\t\t\t\t\t\t\t\t<img loading=\"lazy\" decoding=\"async\" width=\"600\" height=\"400\" src=\"https:\/\/3kcelik.com.tr\/wp-content\/uploads\/2025\/03\/11.png\" class=\"attachment-600x400 size-600x400\" alt=\"\" srcset=\"https:\/\/3kcelik.com.tr\/wp-content\/uploads\/2025\/03\/11.png 600w, https:\/\/3kcelik.com.tr\/wp-content\/uploads\/2025\/03\/11-400x267.png 400w, https:\/\/3kcelik.com.tr\/wp-content\/uploads\/2025\/03\/11-430x287.png 430w, https:\/\/3kcelik.com.tr\/wp-content\/uploads\/2025\/03\/11-150x100.png 150w\" sizes=\"auto, (max-width: 600px) 100vw, 600px\" \/>\t\t\t\t\t\t\t\t\t\t\t\t\t\t\t\t\t\t<\/div>\n\t\t\t\t<\/div>\n\n\t\t\t\t<div class=\"wrapper-content-banner wd-fill wd-items-middle wd-justify-center\">\n\t\t\t\t\t<div class=\"content-banner  text-center\">\n\t\t\t\t\t\t\n\t\t\t\t\t\t\n\t\t\t\t\t\t\n\t\t\t\t\t\t\n\t\t\t\t\t\t\t\t\t\t\t<\/div>\n\t\t\t\t<\/div>\n\n\t\t\t\t\t\t\t\t\t<a href=\"#\" class=\"wd-promo-banner-link wd-fill\" aria-label=\"Banner link\"><\/a>\n\t\t\t\t\t\t\t<\/div>\n\t\t<\/div>\n\t\t\t\t\t\t<\/div>\n\t\t\t\t<\/div>\n\t\t\t\t<div class=\"elementor-element elementor-element-423e4702 elementor-widget elementor-widget-wd_infobox\" data-id=\"423e4702\" data-element_type=\"widget\" data-e-type=\"widget\" data-widget_type=\"wd_infobox.default\">\n\t\t\t\t<div class=\"elementor-widget-container\">\n\t\t\t\t\t\t\t<div class=\"info-box-wrapper\">\n\t\t\t<div class=\"wd-info-box text-center box-icon-align-top box-style-base color-scheme-\">\n\t\t\t\t\n\t\t\t\t<div class=\"info-box-content\">\n\t\t\t\t\t\n\t\t\t\t\t\t\t\t\t\t\t<h4\t\t\t\t\t\tclass=\"info-box-title title box-title-style-default wd-fontsize-m\" data-elementor-setting-key=\"title\">\n\t\t\t\t\t\t\t\tAirless boya makinas\u0131 \t\t\t\t\t\t<\/h4>\n\t\t\t\t\t\n\t\t\t\t\t<div class=\"info-box-inner reset-last-child\"data-elementor-setting-key=\"content\"><p>Airless, havas\u0131z anlam\u0131na gelir ve p\u00fcsk\u00fcrtme malzemesinin y\u00fcksek bas\u0131n\u00e7la atomize edildi\u011fi ve boya y\u00fczeyine uyguland\u0131\u011f\u0131 bir boya p\u00fcsk\u00fcrtme i\u015flemini ifade eder. Havas\u0131z boya p\u00fcsk\u00fcrt\u00fcc\u00fcler sanayide, \u00e7at\u0131 kaplamada, boyac\u0131l\u0131kta ve marangozlukta kullan\u0131lmaktad\u0131r.Bu tip boya tabancalar\u0131 daha k\u0131vaml\u0131 yani y\u00fcksek viskoziteli boya uygulamalar\u0131nda tercih edilir. En b\u00fcy\u00fck fark\u0131 boyan\u0131n atomizasyonunu sa\u011flamak i\u00e7in \u00e7ok y\u00fcksek bas\u0131n\u00e7 kullan\u0131larak tabanca memesinden p\u00fcsk\u00fcrt\u00fclmesidir.<\/p>\n<\/div>\n\n\t\t\t\t\t\t\t\t\t<\/div>\n\n\t\t\t\t\t\t\t\t\t<a href=\"#\" class=\"wd-info-box-link wd-fill\" aria-label=\"Infobox link\"><\/a>\n\t\t\t\t\t\t\t<\/div>\n\t\t<\/div>\n\t\t\t\t\t\t<\/div>\n\t\t\t\t<\/div>\n\t\t\t\t\t<\/div>\n\t\t<\/div>\n\t\t\t\t<div class=\"elementor-column elementor-col-33 elementor-top-column elementor-element elementor-element-9031706\" data-id=\"9031706\" data-element_type=\"column\" data-e-type=\"column\">\n\t\t\t<div class=\"elementor-widget-wrap elementor-element-populated\">\n\t\t\t\t\t\t<div class=\"elementor-element elementor-element-5f3bd306 elementor-widget elementor-widget-wd_banner\" data-id=\"5f3bd306\" data-element_type=\"widget\" data-e-type=\"widget\" data-widget_type=\"wd_banner.default\">\n\t\t\t\t<div class=\"elementor-widget-container\">\n\t\t\t\t\t\t\t<div class=\"promo-banner-wrapper\">\n\t\t\t<div class=\"promo-banner banner-default banner-hover-parallax color-scheme-dark banner-btn-size-small banner-btn-style-link wd-with-link\">\n\t\t\t\t<div class=\"main-wrapp-img\">\n\t\t\t\t\t<div class=\"banner-image wd-without-height\">\n\t\t\t\t\t\t\t\t\t\t\t\t\t\t\t\t\t\t\t\t\t<img loading=\"lazy\" decoding=\"async\" width=\"600\" height=\"400\" src=\"https:\/\/3kcelik.com.tr\/wp-content\/uploads\/2025\/03\/10.png\" class=\"attachment-600x400 size-600x400\" alt=\"\" srcset=\"https:\/\/3kcelik.com.tr\/wp-content\/uploads\/2025\/03\/10.png 600w, https:\/\/3kcelik.com.tr\/wp-content\/uploads\/2025\/03\/10-400x267.png 400w, https:\/\/3kcelik.com.tr\/wp-content\/uploads\/2025\/03\/10-430x287.png 430w, https:\/\/3kcelik.com.tr\/wp-content\/uploads\/2025\/03\/10-150x100.png 150w\" sizes=\"auto, (max-width: 600px) 100vw, 600px\" \/>\t\t\t\t\t\t\t\t\t\t\t\t\t\t\t\t\t\t<\/div>\n\t\t\t\t<\/div>\n\n\t\t\t\t<div class=\"wrapper-content-banner wd-fill wd-items-middle wd-justify-center\">\n\t\t\t\t\t<div class=\"content-banner  text-center\">\n\t\t\t\t\t\t\n\t\t\t\t\t\t\n\t\t\t\t\t\t\n\t\t\t\t\t\t\n\t\t\t\t\t\t\t\t\t\t\t<\/div>\n\t\t\t\t<\/div>\n\n\t\t\t\t\t\t\t\t\t<a href=\"#\" class=\"wd-promo-banner-link wd-fill\" aria-label=\"Banner link\"><\/a>\n\t\t\t\t\t\t\t<\/div>\n\t\t<\/div>\n\t\t\t\t\t\t<\/div>\n\t\t\t\t<\/div>\n\t\t\t\t<div class=\"elementor-element elementor-element-647e260a elementor-widget elementor-widget-wd_infobox\" data-id=\"647e260a\" data-element_type=\"widget\" data-e-type=\"widget\" data-widget_type=\"wd_infobox.default\">\n\t\t\t\t<div class=\"elementor-widget-container\">\n\t\t\t\t\t\t\t<div class=\"info-box-wrapper\">\n\t\t\t<div class=\"wd-info-box text-center box-icon-align-top box-style-base color-scheme-\">\n\t\t\t\t\n\t\t\t\t<div class=\"info-box-content\">\n\t\t\t\t\t\n\t\t\t\t\t\t\t\t\t\t\t<h4\t\t\t\t\t\tclass=\"info-box-title title box-title-style-default wd-fontsize-m\" data-elementor-setting-key=\"title\">\n\t\t\t\t\t\t\t\tI\u015f\u0131k Plazma\t\t\t\t\t\t<\/h4>\n\t\t\t\t\t\n\t\t\t\t\t<div class=\"info-box-inner reset-last-child\"data-elementor-setting-key=\"content\"><p>INV PLS 60 A, %100 yerli \u00fcretim INVERTER PLASMA KESME MAK\u0130NES\u0130 <br \/>demir, paslanmaz, al\u00fcminyum ve y\u00fcksek ala\u015f\u0131ml\u0131 metallerin bas\u0131n\u00e7l\u0131 hava ile rahat ve temiz kesim yapan bir makinad\u0131r. Demir do\u011frama at\u00f6lyeleri, montajc\u0131lar, tesisat\u00e7\u0131lar ve makine imalat\u00e7\u0131lar\u0131 i\u00e7in kullan\u0131ma uygundur.<\/p>\n<\/div>\n\n\t\t\t\t\t\t\t\t\t<\/div>\n\n\t\t\t\t\t\t\t\t\t<a href=\"#\" class=\"wd-info-box-link wd-fill\" aria-label=\"Infobox link\"><\/a>\n\t\t\t\t\t\t\t<\/div>\n\t\t<\/div>\n\t\t\t\t\t\t<\/div>\n\t\t\t\t<\/div>\n\t\t\t\t\t<\/div>\n\t\t<\/div>\n\t\t\t\t<div class=\"elementor-column elementor-col-33 elementor-top-column elementor-element elementor-element-7d969608\" data-id=\"7d969608\" data-element_type=\"column\" data-e-type=\"column\">\n\t\t\t<div class=\"elementor-widget-wrap elementor-element-populated\">\n\t\t\t\t\t\t<div class=\"elementor-element elementor-element-5a6ca8b6 elementor-widget elementor-widget-wd_banner\" data-id=\"5a6ca8b6\" data-element_type=\"widget\" data-e-type=\"widget\" data-widget_type=\"wd_banner.default\">\n\t\t\t\t<div class=\"elementor-widget-container\">\n\t\t\t\t\t\t\t<div class=\"promo-banner-wrapper\">\n\t\t\t<div class=\"promo-banner banner-default banner-hover-parallax color-scheme-dark banner-btn-size-small banner-btn-style-link wd-with-link\">\n\t\t\t\t<div class=\"main-wrapp-img\">\n\t\t\t\t\t<div class=\"banner-image wd-without-height\">\n\t\t\t\t\t\t\t\t\t\t\t\t\t\t\t\t\t\t\t\t\t<img loading=\"lazy\" decoding=\"async\" width=\"600\" height=\"400\" src=\"https:\/\/3kcelik.com.tr\/wp-content\/uploads\/2025\/03\/9.png\" class=\"attachment-600x400 size-600x400\" alt=\"\" srcset=\"https:\/\/3kcelik.com.tr\/wp-content\/uploads\/2025\/03\/9.png 600w, https:\/\/3kcelik.com.tr\/wp-content\/uploads\/2025\/03\/9-400x267.png 400w, https:\/\/3kcelik.com.tr\/wp-content\/uploads\/2025\/03\/9-430x287.png 430w, https:\/\/3kcelik.com.tr\/wp-content\/uploads\/2025\/03\/9-150x100.png 150w\" sizes=\"auto, (max-width: 600px) 100vw, 600px\" \/>\t\t\t\t\t\t\t\t\t\t\t\t\t\t\t\t\t\t<\/div>\n\t\t\t\t<\/div>\n\n\t\t\t\t<div class=\"wrapper-content-banner wd-fill wd-items-middle wd-justify-center\">\n\t\t\t\t\t<div class=\"content-banner  text-center\">\n\t\t\t\t\t\t\n\t\t\t\t\t\t\n\t\t\t\t\t\t\n\t\t\t\t\t\t\n\t\t\t\t\t\t\t\t\t\t\t<\/div>\n\t\t\t\t<\/div>\n\n\t\t\t\t\t\t\t\t\t<a href=\"#\" class=\"wd-promo-banner-link wd-fill\" aria-label=\"Banner link\"><\/a>\n\t\t\t\t\t\t\t<\/div>\n\t\t<\/div>\n\t\t\t\t\t\t<\/div>\n\t\t\t\t<\/div>\n\t\t\t\t<div class=\"elementor-element elementor-element-304e6f1b elementor-widget elementor-widget-wd_infobox\" data-id=\"304e6f1b\" data-element_type=\"widget\" data-e-type=\"widget\" data-widget_type=\"wd_infobox.default\">\n\t\t\t\t<div class=\"elementor-widget-container\">\n\t\t\t\t\t\t\t<div class=\"info-box-wrapper\">\n\t\t\t<div class=\"wd-info-box text-center box-icon-align-top box-style-base color-scheme-\">\n\t\t\t\t\n\t\t\t\t<div class=\"info-box-content\">\n\t\t\t\t\t\n\t\t\t\t\t\t\t\t\t\t\t<h4\t\t\t\t\t\tclass=\"info-box-title title box-title-style-default wd-fontsize-m\" data-elementor-setting-key=\"title\">\n\t\t\t\t\t\t\t\tKarmetal Kesme\t\t\t\t\t\t<\/h4>\n\t\t\t\t\t\n\t\t\t\t\t<div class=\"info-box-inner reset-last-child\"data-elementor-setting-key=\"content\"><p>KDG 400x610 DM modeli mafsall\u0131 g\u00f6vde tasar\u0131m\u0131na sahip, a\u00e7\u0131l\u0131 kesim yar\u0131 otomatik \u015ferit testere makinesidir. \u00c7ift y\u00f6ne a\u00e7\u0131ya d\u00f6nme \u00f6zelli\u011fine sahip makine ile -45\u00b0 'den 60\u00b0 'ye kadar a\u00e7\u0131l\u0131 kesim yap\u0131labilir. Hidrolik mengeneler sayesinde kesilen malzeme kolayl\u0131kla s\u0131k\u0131labilir.<\/p>\n<\/div>\n\n\t\t\t\t\t\t\t\t\t<\/div>\n\n\t\t\t\t\t\t\t\t\t<a href=\"#\" class=\"wd-info-box-link wd-fill\" aria-label=\"Infobox link\"><\/a>\n\t\t\t\t\t\t\t<\/div>\n\t\t<\/div>\n\t\t\t\t\t\t<\/div>\n\t\t\t\t<\/div>\n\t\t\t\t\t<\/div>\n\t\t<\/div>\n\t\t\t\t\t<\/div>\n\t\t<\/section>\n\t\t\t\t<section class=\"wd-negative-gap elementor-section elementor-top-section elementor-element elementor-element-99f10c6 wd-section-stretch elementor-section-boxed elementor-section-height-default elementor-section-height-default\" data-id=\"99f10c6\" data-element_type=\"section\" data-e-type=\"section\">\n\t\t\t\t\t\t<div class=\"elementor-container elementor-column-gap-extended\">\n\t\t\t\t\t<div class=\"elementor-column elementor-col-25 elementor-top-column elementor-element elementor-element-fdd3c2a\" data-id=\"fdd3c2a\" data-element_type=\"column\" data-e-type=\"column\">\n\t\t\t<div class=\"elementor-widget-wrap elementor-element-populated\">\n\t\t\t\t\t\t<div class=\"elementor-element elementor-element-ab9d6f9 elementor-widget elementor-widget-wd_banner\" data-id=\"ab9d6f9\" data-element_type=\"widget\" data-e-type=\"widget\" data-widget_type=\"wd_banner.default\">\n\t\t\t\t<div class=\"elementor-widget-container\">\n\t\t\t\t\t\t\t<div class=\"promo-banner-wrapper\">\n\t\t\t<div class=\"promo-banner banner-default banner-hover-parallax color-scheme-dark banner-btn-size-small banner-btn-style-link wd-with-link\">\n\t\t\t\t<div class=\"main-wrapp-img\">\n\t\t\t\t\t<div class=\"banner-image wd-without-height\">\n\t\t\t\t\t\t\t\t\t\t\t\t\t\t\t\t\t\t\t\t\t<img loading=\"lazy\" decoding=\"async\" width=\"600\" height=\"400\" src=\"https:\/\/3kcelik.com.tr\/wp-content\/uploads\/2025\/03\/Adsiz-tasarim-2025-03-03T143511.278.png\" class=\"attachment-600x400 size-600x400\" alt=\"\" srcset=\"https:\/\/3kcelik.com.tr\/wp-content\/uploads\/2025\/03\/Adsiz-tasarim-2025-03-03T143511.278.png 600w, https:\/\/3kcelik.com.tr\/wp-content\/uploads\/2025\/03\/Adsiz-tasarim-2025-03-03T143511.278-400x267.png 400w, https:\/\/3kcelik.com.tr\/wp-content\/uploads\/2025\/03\/Adsiz-tasarim-2025-03-03T143511.278-430x287.png 430w, https:\/\/3kcelik.com.tr\/wp-content\/uploads\/2025\/03\/Adsiz-tasarim-2025-03-03T143511.278-150x100.png 150w\" sizes=\"auto, (max-width: 600px) 100vw, 600px\" \/>\t\t\t\t\t\t\t\t\t\t\t\t\t\t\t\t\t\t<\/div>\n\t\t\t\t<\/div>\n\n\t\t\t\t<div class=\"wrapper-content-banner wd-fill wd-items-middle wd-justify-center\">\n\t\t\t\t\t<div class=\"content-banner  text-center\">\n\t\t\t\t\t\t\n\t\t\t\t\t\t\n\t\t\t\t\t\t\n\t\t\t\t\t\t\n\t\t\t\t\t\t\t\t\t\t\t<\/div>\n\t\t\t\t<\/div>\n\n\t\t\t\t\t\t\t\t\t<a href=\"#\" class=\"wd-promo-banner-link wd-fill\" aria-label=\"Banner link\"><\/a>\n\t\t\t\t\t\t\t<\/div>\n\t\t<\/div>\n\t\t\t\t\t\t<\/div>\n\t\t\t\t<\/div>\n\t\t\t\t<div class=\"elementor-element elementor-element-7354c24 elementor-widget elementor-widget-wd_infobox\" data-id=\"7354c24\" data-element_type=\"widget\" data-e-type=\"widget\" data-widget_type=\"wd_infobox.default\">\n\t\t\t\t<div class=\"elementor-widget-container\">\n\t\t\t\t\t\t\t<div class=\"info-box-wrapper\">\n\t\t\t<div class=\"wd-info-box text-center box-icon-align-top box-style-base color-scheme-\">\n\t\t\t\t\n\t\t\t\t<div class=\"info-box-content\">\n\t\t\t\t\t\n\t\t\t\t\t\t\t\t\t\t\t<h4\t\t\t\t\t\tclass=\"info-box-title title box-title-style-default wd-fontsize-m\" data-elementor-setting-key=\"title\">\n\t\t\t\t\t\t\t\tKolarc Kaynak\t\t\t\t\t\t<\/h4>\n\t\t\t\t\t\n\t\t\t\t\t<div class=\"info-box-inner reset-last-child\"data-elementor-setting-key=\"content\"><p>Kolarc MX500 Pulse kaynak makinas\u0131<br \/>\u00c7elik, paslanmaz \u00e7elik, al\u00fcminyum, bak\u0131r ve \u00e7inko ala\u015f\u0131ml\u0131 t\u00fcm metallerin kayna\u011f\u0131n\u0131 kolayla\u015ft\u0131ran, s\u0131\u00e7rant\u0131y\u0131 ve kaynak sonras\u0131 ta\u015flama ihtiyac\u0131n\u0131 ortadan kald\u0131ran 406 adet kaynak program\u0131 ve 99 adet program haf\u0131zas\u0131na sahiptir. makina parkurumuzda 2 adet bulunmakta ve kullan\u0131lmaktad\u0131r.<\/p>\n<\/div>\n\n\t\t\t\t\t\t\t\t\t<\/div>\n\n\t\t\t\t\t\t\t\t\t<a href=\"#\" class=\"wd-info-box-link wd-fill\" aria-label=\"Infobox link\"><\/a>\n\t\t\t\t\t\t\t<\/div>\n\t\t<\/div>\n\t\t\t\t\t\t<\/div>\n\t\t\t\t<\/div>\n\t\t\t\t\t<\/div>\n\t\t<\/div>\n\t\t\t\t<div class=\"elementor-column elementor-col-25 elementor-top-column elementor-element elementor-element-046865b\" data-id=\"046865b\" data-element_type=\"column\" data-e-type=\"column\">\n\t\t\t<div class=\"elementor-widget-wrap elementor-element-populated\">\n\t\t\t\t\t\t<div class=\"elementor-element elementor-element-aec6abb elementor-widget elementor-widget-wd_banner\" data-id=\"aec6abb\" data-element_type=\"widget\" data-e-type=\"widget\" data-widget_type=\"wd_banner.default\">\n\t\t\t\t<div class=\"elementor-widget-container\">\n\t\t\t\t\t\t\t<div class=\"promo-banner-wrapper\">\n\t\t\t<div class=\"promo-banner banner-default banner-hover-parallax color-scheme-dark banner-btn-size-small banner-btn-style-link wd-with-link\">\n\t\t\t\t<div class=\"main-wrapp-img\">\n\t\t\t\t\t<div class=\"banner-image wd-without-height\">\n\t\t\t\t\t\t\t\t\t\t\t\t\t\t\t\t\t\t\t\t\t<img loading=\"lazy\" decoding=\"async\" width=\"600\" height=\"400\" src=\"https:\/\/3kcelik.com.tr\/wp-content\/uploads\/2025\/03\/7.png\" class=\"attachment-600x400 size-600x400\" alt=\"\" srcset=\"https:\/\/3kcelik.com.tr\/wp-content\/uploads\/2025\/03\/7.png 600w, https:\/\/3kcelik.com.tr\/wp-content\/uploads\/2025\/03\/7-400x267.png 400w, https:\/\/3kcelik.com.tr\/wp-content\/uploads\/2025\/03\/7-430x287.png 430w, https:\/\/3kcelik.com.tr\/wp-content\/uploads\/2025\/03\/7-150x100.png 150w\" sizes=\"auto, (max-width: 600px) 100vw, 600px\" \/>\t\t\t\t\t\t\t\t\t\t\t\t\t\t\t\t\t\t<\/div>\n\t\t\t\t<\/div>\n\n\t\t\t\t<div class=\"wrapper-content-banner wd-fill wd-items-middle wd-justify-center\">\n\t\t\t\t\t<div class=\"content-banner  text-center\">\n\t\t\t\t\t\t\n\t\t\t\t\t\t\n\t\t\t\t\t\t\n\t\t\t\t\t\t\n\t\t\t\t\t\t\t\t\t\t\t<\/div>\n\t\t\t\t<\/div>\n\n\t\t\t\t\t\t\t\t\t<a href=\"#\" class=\"wd-promo-banner-link wd-fill\" aria-label=\"Banner link\"><\/a>\n\t\t\t\t\t\t\t<\/div>\n\t\t<\/div>\n\t\t\t\t\t\t<\/div>\n\t\t\t\t<\/div>\n\t\t\t\t<div class=\"elementor-element elementor-element-8627c05 elementor-widget elementor-widget-wd_infobox\" data-id=\"8627c05\" data-element_type=\"widget\" data-e-type=\"widget\" data-widget_type=\"wd_infobox.default\">\n\t\t\t\t<div class=\"elementor-widget-container\">\n\t\t\t\t\t\t\t<div class=\"info-box-wrapper\">\n\t\t\t<div class=\"wd-info-box text-center box-icon-align-top box-style-base color-scheme-\">\n\t\t\t\t\n\t\t\t\t<div class=\"info-box-content\">\n\t\t\t\t\t\n\t\t\t\t\t\t\t\t\t\t\t<h4\t\t\t\t\t\tclass=\"info-box-title title box-title-style-default wd-fontsize-m\" data-elementor-setting-key=\"title\">\n\t\t\t\t\t\t\t\tManyetik Matkap\t\t\t\t\t\t<\/h4>\n\t\t\t\t\t\n\t\t\t\t\t<div class=\"info-box-inner reset-last-child\"data-elementor-setting-key=\"content\"><p>TURCOBOOR TURCO 80\/4 MANYET\u0130K MATKAP <br \/>Denizcilik sekt\u00f6r\u00fcnde, tersanelerde, orta ve b\u00fcy\u00fck \u00f6l\u00e7ekli metal i\u015fleme makinelerinin kullan\u0131ld\u0131\u011f\u0131 i\u015fletmelerde, \u00e7elik konstr\u00fcksiyon kullan\u0131lan projelerde, demir yolu sanayinde ve her t\u00fcrl\u00fc metal y\u00fczey \u00fczerinde farkl\u0131 \u00e7aplarda delik a\u00e7ma i\u015flerinde rahat\u00e7a kullan\u0131l\u0131r.<\/p>\n<\/div>\n\n\t\t\t\t\t\t\t\t\t<\/div>\n\n\t\t\t\t\t\t\t\t\t<a href=\"#\" class=\"wd-info-box-link wd-fill\" aria-label=\"Infobox link\"><\/a>\n\t\t\t\t\t\t\t<\/div>\n\t\t<\/div>\n\t\t\t\t\t\t<\/div>\n\t\t\t\t<\/div>\n\t\t\t\t\t<\/div>\n\t\t<\/div>\n\t\t\t\t<div class=\"elementor-column elementor-col-25 elementor-top-column elementor-element elementor-element-f2c185b\" data-id=\"f2c185b\" data-element_type=\"column\" data-e-type=\"column\">\n\t\t\t<div class=\"elementor-widget-wrap elementor-element-populated\">\n\t\t\t\t\t\t<div class=\"elementor-element elementor-element-3536068 elementor-widget elementor-widget-wd_banner\" data-id=\"3536068\" data-element_type=\"widget\" data-e-type=\"widget\" data-widget_type=\"wd_banner.default\">\n\t\t\t\t<div class=\"elementor-widget-container\">\n\t\t\t\t\t\t\t<div class=\"promo-banner-wrapper\">\n\t\t\t<div class=\"promo-banner banner-default banner-hover-parallax color-scheme-dark banner-btn-size-small banner-btn-style-link wd-with-link\">\n\t\t\t\t<div class=\"main-wrapp-img\">\n\t\t\t\t\t<div class=\"banner-image wd-without-height\">\n\t\t\t\t\t\t\t\t\t\t\t\t\t\t\t\t\t\t\t\t\t<img loading=\"lazy\" decoding=\"async\" width=\"600\" height=\"400\" src=\"https:\/\/3kcelik.com.tr\/wp-content\/uploads\/2025\/03\/5-1.png\" class=\"attachment-600x400 size-600x400\" alt=\"\" srcset=\"https:\/\/3kcelik.com.tr\/wp-content\/uploads\/2025\/03\/5-1.png 600w, https:\/\/3kcelik.com.tr\/wp-content\/uploads\/2025\/03\/5-1-400x267.png 400w, https:\/\/3kcelik.com.tr\/wp-content\/uploads\/2025\/03\/5-1-430x287.png 430w, https:\/\/3kcelik.com.tr\/wp-content\/uploads\/2025\/03\/5-1-150x100.png 150w\" sizes=\"auto, (max-width: 600px) 100vw, 600px\" \/>\t\t\t\t\t\t\t\t\t\t\t\t\t\t\t\t\t\t<\/div>\n\t\t\t\t<\/div>\n\n\t\t\t\t<div class=\"wrapper-content-banner wd-fill wd-items-middle wd-justify-center\">\n\t\t\t\t\t<div class=\"content-banner  text-center\">\n\t\t\t\t\t\t\n\t\t\t\t\t\t\n\t\t\t\t\t\t\n\t\t\t\t\t\t\n\t\t\t\t\t\t\t\t\t\t\t<\/div>\n\t\t\t\t<\/div>\n\n\t\t\t\t\t\t\t\t\t<a href=\"#\" class=\"wd-promo-banner-link wd-fill\" aria-label=\"Banner link\"><\/a>\n\t\t\t\t\t\t\t<\/div>\n\t\t<\/div>\n\t\t\t\t\t\t<\/div>\n\t\t\t\t<\/div>\n\t\t\t\t<div class=\"elementor-element elementor-element-7389d36 elementor-widget elementor-widget-wd_infobox\" data-id=\"7389d36\" data-element_type=\"widget\" data-e-type=\"widget\" data-widget_type=\"wd_infobox.default\">\n\t\t\t\t<div class=\"elementor-widget-container\">\n\t\t\t\t\t\t\t<div class=\"info-box-wrapper\">\n\t\t\t<div class=\"wd-info-box text-center box-icon-align-top box-style-base color-scheme-\">\n\t\t\t\t\n\t\t\t\t<div class=\"info-box-content\">\n\t\t\t\t\t\n\t\t\t\t\t\t\t\t\t\t\t<h4\t\t\t\t\t\tclass=\"info-box-title title box-title-style-default wd-fontsize-m\" data-elementor-setting-key=\"title\">\n\t\t\t\t\t\t\t\tNuri\u015f Kaynak\t\t\t\t\t\t<\/h4>\n\t\t\t\t\t\n\t\t\t\t\t<div class=\"info-box-inner reset-last-child\"data-elementor-setting-key=\"content\"><p>Nuri\u015f LN500W Sinerjik Double Pulse, MIG\/MAG (gazalt\u0131), MMA (\u00f6rt\u00fcl\u00fc elektrot) ve Argon (lift-TIG) kayna\u011f\u0131n\u0131 tek bir makine ile yapabilen invert\u00f6r teknolojili gazalt\u0131 kaynak makinesidir. Sinerjik fonksiyonu sayesinde her t\u00fcrl\u00fc ilave tel, tel \u00e7ap\u0131 ve koruyucu gaz tipine g\u00f6re kaynak programlar\u0131n\u0131 kullanarak, malzeme kal\u0131nl\u0131\u011f\u0131, tel h\u0131z\u0131 veya ak\u0131m de\u011ferlerinden herhangi biri se\u00e7ildi\u011finde, \u00e7\u0131k\u0131\u015f voltaj\u0131n\u0131 kendi ayarlayarak uygun kaynak prosesini se\u00e7er.<\/p>\n<\/div>\n\n\t\t\t\t\t\t\t\t\t<\/div>\n\n\t\t\t\t\t\t\t\t\t<a href=\"#\" class=\"wd-info-box-link wd-fill\" aria-label=\"Infobox link\"><\/a>\n\t\t\t\t\t\t\t<\/div>\n\t\t<\/div>\n\t\t\t\t\t\t<\/div>\n\t\t\t\t<\/div>\n\t\t\t\t\t<\/div>\n\t\t<\/div>\n\t\t\t\t<div class=\"elementor-column elementor-col-25 elementor-top-column elementor-element elementor-element-5cdf269\" data-id=\"5cdf269\" data-element_type=\"column\" data-e-type=\"column\">\n\t\t\t<div class=\"elementor-widget-wrap elementor-element-populated\">\n\t\t\t\t\t\t<div class=\"elementor-element elementor-element-fcd2e9b elementor-widget elementor-widget-wd_banner\" data-id=\"fcd2e9b\" data-element_type=\"widget\" data-e-type=\"widget\" data-widget_type=\"wd_banner.default\">\n\t\t\t\t<div class=\"elementor-widget-container\">\n\t\t\t\t\t\t\t<div class=\"promo-banner-wrapper\">\n\t\t\t<div class=\"promo-banner banner-default banner-hover-parallax color-scheme-dark banner-btn-size-small banner-btn-style-link wd-with-link\">\n\t\t\t\t<div class=\"main-wrapp-img\">\n\t\t\t\t\t<div class=\"banner-image wd-without-height\">\n\t\t\t\t\t\t\t\t\t\t\t\t\t\t\t\t\t\t\t\t\t<img loading=\"lazy\" decoding=\"async\" width=\"600\" height=\"400\" src=\"https:\/\/3kcelik.com.tr\/wp-content\/uploads\/2025\/03\/6.png\" class=\"attachment-600x400 size-600x400\" alt=\"\" srcset=\"https:\/\/3kcelik.com.tr\/wp-content\/uploads\/2025\/03\/6.png 600w, https:\/\/3kcelik.com.tr\/wp-content\/uploads\/2025\/03\/6-400x267.png 400w, https:\/\/3kcelik.com.tr\/wp-content\/uploads\/2025\/03\/6-430x287.png 430w, https:\/\/3kcelik.com.tr\/wp-content\/uploads\/2025\/03\/6-150x100.png 150w\" sizes=\"auto, (max-width: 600px) 100vw, 600px\" \/>\t\t\t\t\t\t\t\t\t\t\t\t\t\t\t\t\t\t<\/div>\n\t\t\t\t<\/div>\n\n\t\t\t\t<div class=\"wrapper-content-banner wd-fill wd-items-middle wd-justify-center\">\n\t\t\t\t\t<div class=\"content-banner  text-center\">\n\t\t\t\t\t\t\n\t\t\t\t\t\t\n\t\t\t\t\t\t\n\t\t\t\t\t\t\n\t\t\t\t\t\t\t\t\t\t\t<\/div>\n\t\t\t\t<\/div>\n\n\t\t\t\t\t\t\t\t\t<a href=\"#\" class=\"wd-promo-banner-link wd-fill\" aria-label=\"Banner link\"><\/a>\n\t\t\t\t\t\t\t<\/div>\n\t\t<\/div>\n\t\t\t\t\t\t<\/div>\n\t\t\t\t<\/div>\n\t\t\t\t<div class=\"elementor-element elementor-element-ebd71e9 elementor-widget elementor-widget-wd_infobox\" data-id=\"ebd71e9\" data-element_type=\"widget\" data-e-type=\"widget\" data-widget_type=\"wd_infobox.default\">\n\t\t\t\t<div class=\"elementor-widget-container\">\n\t\t\t\t\t\t\t<div class=\"info-box-wrapper\">\n\t\t\t<div class=\"wd-info-box text-center box-icon-align-top box-style-base color-scheme-\">\n\t\t\t\t\n\t\t\t\t<div class=\"info-box-content\">\n\t\t\t\t\t\n\t\t\t\t\t\t\t\t\t\t\t<h4\t\t\t\t\t\tclass=\"info-box-title title box-title-style-default wd-fontsize-m\" data-elementor-setting-key=\"title\">\n\t\t\t\t\t\t\t\tTavan Vinci\t\t\t\t\t\t<\/h4>\n\t\t\t\t\t\n\t\t\t\t\t<div class=\"info-box-inner reset-last-child\"data-elementor-setting-key=\"content\"><p>10 ton kald\u0131rma kapasiteli \u00e7ift kiri\u015f k\u00f6pr\u00fcl\u00fc tavan vin\u00e7lerimiz a\u011f\u0131r sanayide b\u00fcy\u00fck tonajl\u0131 ve ebatl\u0131 malzemelerin ta\u015f\u0131nmas\u0131 i\u00e7in \u00f6zel olarak \u00e7elikten imal edilmi\u015ftir.<\/p>\n<\/div>\n\n\t\t\t\t\t\t\t\t\t<\/div>\n\n\t\t\t\t\t\t\t\t\t<a href=\"#\" class=\"wd-info-box-link wd-fill\" aria-label=\"Infobox link\"><\/a>\n\t\t\t\t\t\t\t<\/div>\n\t\t<\/div>\n\t\t\t\t\t\t<\/div>\n\t\t\t\t<\/div>\n\t\t\t\t\t<\/div>\n\t\t<\/div>\n\t\t\t\t\t<\/div>\n\t\t<\/section>\n\t\t\t\t<\/div>\n\t\t","protected":false},"excerpt":{"rendered":"<p>Airless boya makinas\u0131 Airless, havas\u0131z anlam\u0131na gelir ve p\u00fcsk\u00fcrtme malzemesinin y\u00fcksek bas\u0131n\u00e7la atomize edildi\u011fi ve boya y\u00fczeyine uyguland\u0131\u011f\u0131 bir boya<\/p>\n","protected":false},"author":1,"featured_media":0,"parent":0,"menu_order":0,"comment_status":"closed","ping_status":"closed","template":"","meta":{"footnotes":""},"class_list":["post-16145","page","type-page","status-publish","hentry"],"_links":{"self":[{"href":"https:\/\/3kcelik.com.tr\/index.php\/wp-json\/wp\/v2\/pages\/16145","targetHints":{"allow":["GET"]}}],"collection":[{"href":"https:\/\/3kcelik.com.tr\/index.php\/wp-json\/wp\/v2\/pages"}],"about":[{"href":"https:\/\/3kcelik.com.tr\/index.php\/wp-json\/wp\/v2\/types\/page"}],"author":[{"embeddable":true,"href":"https:\/\/3kcelik.com.tr\/index.php\/wp-json\/wp\/v2\/users\/1"}],"replies":[{"embeddable":true,"href":"https:\/\/3kcelik.com.tr\/index.php\/wp-json\/wp\/v2\/comments?post=16145"}],"version-history":[{"count":10,"href":"https:\/\/3kcelik.com.tr\/index.php\/wp-json\/wp\/v2\/pages\/16145\/revisions"}],"predecessor-version":[{"id":16475,"href":"https:\/\/3kcelik.com.tr\/index.php\/wp-json\/wp\/v2\/pages\/16145\/revisions\/16475"}],"wp:attachment":[{"href":"https:\/\/3kcelik.com.tr\/index.php\/wp-json\/wp\/v2\/media?parent=16145"}],"curies":[{"name":"wp","href":"https:\/\/api.w.org\/{rel}","templated":true}]}}